
Suppose n - 571 = 4*w, 0 = 2*n - 5*w - 941 - 192. Let m = 33 + n. What is the hundreds digit of m?
5
Let j(k) = k**2 + 3*k + 1. Let p be j(-1). What is the tens digit of (-14)/(-7)*p - -182?
8
Let q be 1/(4 - 75/20). Suppose q*d = -5*m + 1290, 3*m + 258 = 4*m - 3*d. Suppose -4*s - 30 + m = 0. What is the units digit of s?
7
Let r(f) = f**3 + 5*f**2 - f. Let i be r(-5). Let b(h) = 2*h**2 + 8*h - 9. Let u be b(6). Suppose u + 24 = i*o. What is the units digit of o?
7
What is the thousands digit of 356*(-266)/(-16)*(-2)/(-7)?
1
Suppose -30*g - 23*g + 46*g = -46473. What is the tens digit of g?
3
Let x(y) = -69 + 87 - 3*y - 7*y**3 + 4*y**2 + 5*y**3. What is the tens digit of x(-5)?
8
Let z(m) = 291*m - 1451. What is the tens digit of z(10)?
5
Suppose 4*t = -5*h + 26626, 4*h + 0*h - 21308 = 4*t. What is the units digit of h?
6
Let o(t) = -t**3 - 21*t**2 - 29*t - 526. What is the units digit of o(-21)?
3
Suppose 11241 = -8*p + 93905. What is the thousands digit of p?
0
Suppose 0 = 133*g - 223*g + 91530. What is the tens digit of g?
1
Suppose 5*i - 195 = 335. Let m(k) = -k**3 - 4*k**2 + 1. Let x be m(-7). Let t = x - i. What is the units digit of t?
2
Let r = -73 - -185. What is the hundreds digit of (r/70)/((-2)/(-490))?
3
Let z = 75 + -75. Suppose z = 10*h - h + 720. Let r = h + 249. What is the units digit of r?
9
Suppose 0 = 3*i - 4*c + 11751 + 770, -3*c + 4182 = -i. What is the units digit of i/(-6) - (-39)/26?
6
Let w(r) = 22*r**2 - 90*r + 1530. What is the tens digit of w(24)?
4
Let b(j) be the first derivative of 39*j**2/2 + 108*j - 17. What is the units digit of b(31)?
7
Suppose 2*k - 3*p = 10533, 5*p - 3 = 8*p. What is the thousands digit of k?
5
Let f(p) = 3*p - 194. Let u be f(0). Let a = u + 525. What is the tens digit of a?
3
Let q(v) = 8 + 5*v + 3*v**2 - 1 + 6 - 6. What is the units digit of q(-7)?
9
Let v(b) = -13*b - 407. Let t(w) = -13*w - 404. Let h(i) = 6*t(i) - 7*v(i). What is the tens digit of h(0)?
2
Let y(u) = -u**3 + 19*u**2 + 72*u - 7. Let v be y(22). What is the units digit of v + 5/(-1 - 0)?
0
What is the units digit of 1/(-3) - (-18920)/60?
5
Let m = 24441 - 21434. What is the tens digit of m?
0
Suppose -35*t + 33*t + 72 = 0. What is the units digit of (-164)/16*8*t/(-8)?
9
Let o be (7648/5)/4 + 30/50. Suppose x - o = -y, -3*x + 7*x - 1538 = 2*y. What is the tens digit of x?
8
Suppose 0 = -4*k - 2*v + 65386, -k + 12599 + 3743 = -v. What is the thousands digit of k?
6
Let w(r) = 26*r - 4*r + 12 + 9*r + 14*r. What is the units digit of w(4)?
2
Suppose -9*k - 54984 = -12*k + 3*g, 4*g = 4. What is the thousands digit of k?
8
Let m(k) = k**2 + 3*k**2 + k**2 + 7 + 9*k - 17*k**3. Let p be m(-3). Suppose 2*b - 207 = 5*u, -5*b - 4*u = -b - p. What is the tens digit of b?
1
Let f = 410 + -401. Suppose f*a - 3009 = 1293. What is the tens digit of a?
7
Let z = 1851 - 1846. Suppose 590 = -3*d + 1778. Suppose 396 = 2*u - 3*i, u - d = -u - z*i. What is the hundreds digit of u?
1
Let m(r) = -r**3 - 53*r**2 + 3205. What is the thousands digit of m(0)?
3
Suppose -214 = -10*o + 1006. Let i = o - 122. Suppose 10*m - 1748 - 512 = i. What is the tens digit of m?
2
Let m(t) = 13113*t**3 - 2*t**2 + t. What is the units digit of m(1)?
2
Let c be (-1)/2*(-106 + 96). Let h = 106 - 19. Suppose 0 = -c*r - t + h, -r - 3*t + 40 = r. What is the tens digit of r?
1
Suppose 3*o = 4*l - o - 4, l = -o - 7. Let r be (0 - 1)/(106/1696). What is the units digit of (-892)/r + l/(-12)?
6
Let q = 439 + -257. Let t(l) = -l**3 - 48*l**2 + 102*l + 9. Let g be t(-50). Let z = g + q. What is the tens digit of z?
9
Let q = -40704 + 68982. What is the tens digit of q?
7
Let y = 1329 + -1326. Let i = -3 + 8. Suppose 2*m - y*s = -m + 489, 3*m - 497 = -i*s. What is the tens digit of m?
6
Let u be (3 - (-5)/(-2))*-18. What is the units digit of u/((-81)/258)*6?
2
Let m(g) = g**3 + 15*g**2 + 17*g - 129. What is the units digit of m(6)?
9
Suppose 18*t = 19*t - 18*t + 5848. What is the tens digit of t?
4
Suppose 2462*g = 2419*g + 1856095. What is the units digit of g?
5
Suppose 41*t - 20*t - 294 = 0. Suppose t*l = 9*l + 3280. What is the units digit of l?
6
Suppose -86*l + 310486 = -64*l. What is the thousands digit of l?
4
Let x(u) be the third derivative of -7*u**4/8 + 5*u**3 + 11*u**2. Let a be x(-13). Suppose -a = -6*r + 231. What is the tens digit of r?
8
Suppose 15*l + 14*l + 4089 = 0. Let y = 174 - l. What is the units digit of y?
5
What is the units digit of 1443250/450 + (-2)/9?
7
Let x = 191 - -376. Let d = x - 239. What is the tens digit of d?
2
Let f(t) = -t**2 + 20*t - 64. Let x be f(16). Suppose x = -3*p - 4*m + 1125, 2*p - 3*m = -0*p + 750. What is the tens digit of p?
7
Let a = 1042 - 271. Suppose 2*p = a - 73. What is the tens digit of p?
4
Suppose -d + 9 = -3*p, -5*p + 2*d + 0*d = 14. What is the tens digit of 2*p/((-40)/4615)?
2
Let g = -24263 - -48634. What is the thousands digit of g?
4
Let j(r) = -r**3 + 6*r - 3. Let p be j(-3). Suppose 10*g - 236 = p*g. Let h = 15 + g. What is the tens digit of h?
7
Suppose -9*i + 14*i = 5130. Suppose -2*r - i = -2*v, 2*r + 819 = -3*v + 2368. What is the units digit of v?
5
Suppose -5*w = 2*o - 23, 9*o - 63 = 7*o + 3*w. Let f(a) = 46*a + 88. What is the units digit of f(o)?
2
Let v = 531 - 526. Suppose -k - k + v*i + 301 = 0, -i = -3*k + 432. What is the tens digit of k?
4
Let m(s) = s + 3. Let u(p) = 105*p + 7. Let k(f) = -5*m(f) - u(f). What is the hundreds digit of k(-5)?
5
Let z(v) = 14*v**3 + 77*v**2 - 3*v - 4. Let l be z(-3). Let b be (-215)/(-1) - (1 - 1). Let j = l - b. What is the hundreds digit of j?
1
What is the tens digit of -5*((-123004)/23 - -22)?
3
Suppose 0 = -3*v + 3, -3*v + 154 - 730 = 3*w. Let x = w + 383. What is the hundreds digit of x?
1
Let t be (-1 - 7618/(-4)) + (-36)/(-24). Suppose 28*c = 33*c - t. What is the hundreds digit of c?
3
Let t(u) = -u**2 - 6*u - 16. Let g be t(-4). Let k(i) = 2*i**2 + 9*i + 14. Let c be k(g). Suppose 0 = s - 19 - c. What is the units digit of s?
9
Let r be 64720/160 - (-2)/(-4). Let k = r + -167. What is the hundreds digit of k?
2
Let v = 20515 - 14194. What is the tens digit of v?
2
What is the units digit of (2/(-4))/((-114)/424080)?
0
Suppose 0 = 5*c + 35, -4*c + c - 37995 = -2*b. What is the ten thousands digit of b?
1
Let n(u) = 1966*u - 16. Let t be n(4). Suppose -t = -16*h - 2*h. What is the hundreds digit of h?
4
Suppose 6084 = o - w, -4*w + 3*w = 1. Suppose -13*q + o = -2926. What is the hundreds digit of q?
6
Suppose 10 = 2*r - 0. Let l(p) = 0*p - r*p + 3*p**2 - 3 - 12*p + 12. What is the hundreds digit of l(10)?
1
Let g(y) = 40*y**3 + 3*y**2 + 34*y - 67. What is the tens digit of g(7)?
3
Let m be (16/(-6))/((-3)/1116). What is the hundreds digit of (m - -1)/(0 + 3)?
3
What is the tens digit of (-29 + 13)/(-96) - (-1 + (-140530)/12)?
1
Let i(v) = 4*v**2 - v + 1391. Suppose 0 = 8*k + 60 - 60. What is the hundreds digit of i(k)?
3
Let d(t) = -606*t - 2. Suppose 7*k - 5*k + 2*n = -2, 4*n = 0. What is the hundreds digit of d(k)?
6
Let u(z) = 116*z**3 - 4*z**2 + 36*z - 195. What is the hundreds digit of u(5)?
3
Let v = -371 - -378. Suppose v*x - 12 = 4*x, 3*f + 5*x = 785. What is the units digit of f?
5
Suppose -28*h - 169553 = -55*h - 1154. What is the units digit of h?
7
Let m = -29 + 27. Let l be 17 - m - -3 - 0. Let o = 37 + l. What is the tens digit of o?
5
Suppose -3*q + 13*m - 11*m = 2, -5*q - m = -1. Let k(g) = g + 1026. What is the units digit of k(q)?
6
Let s = -4154 - -6787. What is the hundreds digit of s?
6
What is the units digit of 8170 + (-3 - -13 - 11)?
9
Let l = 443 - 438. Suppose -5*r - 2*x + 3*x = -5108, -l*r + 5123 = -6*x. What is the units digit of r?
1
Let m(l) = -l**3 + 12*l**2 - 3*l + 2. Let k be m(11). Let p be ((-16)/10 + 2)/(9/k). What is the tens digit of -10*(33/(-6) - p)?
9
Suppose -43 - 47 = -5*h. Suppose -9*k + 528 = 11*k - 212. Let b = h + k. What is the tens digit of b?
5
Let k(n) = -169*n + 6. Let c(j) = 1. Let d(h) = -4*c(h) - k(h). What is the tens digit of d(1)?
5
Suppose 222*r - 216*r = 1326. Let g = r - 53. What is the units digit of g?
8
Suppose 92 = 4*r + 12. Suppose -r = -5*q + q. Suppose -10*n - q = -11*n, 114 = f - 2*n. What is the units digit of f?
4
Let s(u) = 1464*u**3 + 35*u**2 - 123*u + 8. What is the tho